4*n, 3*n + 5 = m. Let d(q) = -7*q - 13. Let s be d(m). What is the tens digit of ((-264)/s)/((-6)/15)?
4
Let y(g) = g**3 - 6*g**2 - 6*g + 4. Let t be y(6). Let l = -27 - t. What is the units digit of l?
5
Let q = -78 + -34. Let i = q + 211. What is the units digit of i?
9
Let y(k) = k**3 + 5*k**2 - 8*k + 2. Let x be 2/(-6)*-3 - 7. Let w be y(x). Let i = w - -2. What is the tens digit of i?
1
Let y(s) = 26*s**2 + s + 1. Let p be y(-2). Let x = 17 + p. Suppose 2*j + x = 5*j. What is the tens digit of j?
4
Let j = 21 - 25. Let t be -1*(j + (3 - 2)). What is the tens digit of 4/t*(-486)/(-12)?
5
Suppose 0*y - k - 8 = -3*y, 2*y = -4*k - 4. What is the tens digit of (28/(-49))/y - 1192/(-7)?
7
Suppose -74*k + 70*k = -2196. What is the hundreds digit of k?
5
Let j(n) = 4*n**2 + 2*n - 19. What is the hundreds digit of j(-6)?
1
Let x = 3725 - 2594. What is the thousands digit of x?
1
Suppose -4*v + 104 = -4*m, v = 4*m + 3*v + 110. Let k = m + 29. What is the units digit of k?
2
Suppose 0 = 5*p + 11 - 31. What is the tens digit of (192/p)/((-3)/(-4))?
6
Suppose 5*l - 15 = -5. What is the units digit of 33 + -5 + 1 + l?
1
Let w(i) = -11*i**2 - 28*i - 35. Let p(j) = 7*j**2 + 19*j + 23. Let k(t) = 8*p(t) + 5*w(t). Let y be (-117)/12 + -2 + (-3)/12. What is the units digit of k(y)?
9
Let w be (2 + -3)/(392/132 + -3). Suppose 5*y = -5*j + 70, 0 = -4*y + 3*j + 30 + w. What is the tens digit of y?
1
What is the thousands digit of (-16)/(-40) - (-146549)/65?
2
Let q = 2532 - 1339. What is the units digit of q?
3
What is the tens digit of (-7)/(-3)*(15 + (-3 - -3))?
3
Let x be ((-81)/(-1))/(-3) + (-3)/1. Let f = x + 90. What is the units digit of f?
0
Let x(o) = o**2 - 18*o - 7. Let u be x(17). Let v be u/(-20)*5 - 3. What is the tens digit of (v - -1) + 1*32?
3
Suppose 0 = -3*g + 10 - 34. Let m = g + 13. Suppose -m*y + 311 = -14. What is the tens digit of y?
6
Let l be 669/(-6)*8/(0 - 4). Let k = l + -131. What is the tens digit of k?
9
Suppose -j + 598 = -4*m, -12*j + 10*j + 1157 = 5*m. What is the units digit of j?
6
Let a(l) = -l**3 + 23*l**2 - 14*l - 38. Let h be a(22). Suppose 0*w - 348 = 4*w. Let q = h + w. What is the tens digit of q?
5
Let p(v) = 3*v + 16. Suppose 5*c = c + 20. Suppose -m = -4*i + c*i - 8, 4*i - 42 = m. What is the tens digit of p(i)?
4
Let x be (5 - (-1 + 2)) + 22. Let a = x - 23. What is the tens digit of 25*1 - (a + -1)?
2
Suppose -q = -2*n + 1618, 2*n - 1397 - 237 = 5*q. What is the hundreds digit of n?
8
Suppose 944 = -5*f + 279. Let i = 257 + f. Let n = -68 + i. What is the tens digit of n?
5
Let j(u) = 6*u**3 - u**2 - 2*u - 1. Let y be j(2). Suppose 0 = -d + 20 + y. Let w = -33 + d. What is the units digit of w?
6
Let z = -788 + 1163. Let i be z/(-55) - 4/22. What is the tens digit of -2 + i/(28/(-72))?
1
Suppose 3*c = -t + 34 + 349, -5*c = 5*t - 625. What is the tens digit of c?
2
Suppose 0 = -63*c + 58624 - 10366. What is the tens digit of c?
6
Let j be 16/(-2) + (0 - -2). Let y = j + 10. Let l = y + 9. What is the units digit of l?
3
Let z(j) = -j**3 + 9*j**2 - j + 3. Let c be z(4). Let t be c/3 - (-8)/(-24). Let u = t - 11. What is the units digit of u?
5
Let i(h) be the first derivative of h**4/4 - 14*h**3/3 - 13*h**2/2 - 21*h - 12. What is the units digit of i(15)?
9
Suppose -3*z - 37 = -v - v, -2*v + 55 = 3*z. Let r = v + -1. What is the units digit of r?
2
Let u(h) = 72*h - 43. What is the tens digit of u(14)?
6
Suppose -5*r = 3*r. Suppose 26 = -d - 4*q + 6, r = 5*d - q + 205. Let b = -20 - d. What is the tens digit of b?
2
Let l(j) = j**2 - 7*j - 1. Let q be l(7). Let c = q - 1. Let x = 20 + c. What is the units digit of x?
8
Let d = -22 + 11. Let g = -14 - d. What is the units digit of (1/g)/((-4)/276)?
3
Suppose 30 = b + 5*b. Let u = -26 + 36. Suppose 240 = -b*l + u*l. What is the units digit of l?
8
Suppose -3*i = -5852 - 1108. What is the tens digit of (3/2)/(24/i)?
4
Let l be (-4 - -6 - 3) + 3. What is the units digit of 1/l + (-330)/(-4)?
3
Suppose 12 = b + 5*g, b - g + 8 = 4*g. What is the units digit of (b/4)/(5 + (-5593)/1120)?
0
Suppose -5*c + l - 93 = 70, l - 3 = 0. Let q = c + 70. Suppose a + 2*b - q = -0*a, -2*a = -5*b - 58. What is the tens digit of a?
3
What is the units digit of ((-232)/(-10))/(6/1350*9)?
0
Suppose -3*b - 2*m + 3*m + 37 = 0, -24 = -b - 2*m. What is the units digit of 1 + 2 + b + -1?
6
Let z(p) = -2*p + 14. Let s be z(6). Suppose -a - x = -2 - 3, 4*a - s*x = 2. Suppose 2*f = 6, -3*f = 4*h - a*f - 11. What is the units digit of h?
2
Suppose -5*k + 8 + 82 = 0. Let q = k + -29. Let t(c) = c**3 + 11*c**2 - 3*c - 9. What is the units digit of t(q)?
4
Suppose 5*f - 4*k = -11 + 26, -2 = -3*f + k. Let m be (-1)/(f/(1 + 24)). Let u = -18 + m. What is the units digit of u?
7
Let j = -178 - -277. Suppose 0 = -5*g + 366 + j. What is the tens digit of g?
9
Suppose -a + 55*z = 56*z - 3786, 0 = -4*a - 2*z + 15148. What is the tens digit of a?
8
Let l be (-140)/(-24) + (-3)/(-18). Let a(r) = 8*r + 4. What is the units digit of a(l)?
2
Let o(w) = -34*w - 2. Let a be o(-3). Suppose 6*i = 4*i + a. What is the tens digit of i?
5
Suppose 3*a - 8446 = -724. What is the hundreds digit of a?
5
Let a be 18/(-9)*9/(-6). Suppose a*s - 580 = -5*g, -2*g - 2*g - 2*s = -462. What is the tens digit of g?
1
Let o be -2 - (18/45 + 2/(-5)). What is the tens digit of (-4)/(-3) + o - (-1064)/21?
5
What is the units digit of (-24)/((-8976)/(-1800) - (4 + 1))?
0
What is the units digit of (338112/(-528))/(2/(-11))?
2
Suppose -2*c - k = -1875, 9*c - 5*c = k + 3741. What is the tens digit of c?
3
Let r be ((-2)/3)/(4/(-156)). Let u = -52 + r. What is the tens digit of u*(0 - 1) + 1?
2
Suppose -3*u + 8 = 2*i - 9, 3*u - 3 = 0. Suppose 328 = -3*p + i*p. What is the tens digit of p?
8
Suppose v - 6*v = 5*g + 50, 0 = -4*g - 16. What is the units digit of (-515)/(-15) + 2/v?
4
Let v(q) = 4*q**2 + 8*q - 20. What is the tens digit of v(-14)?
5
Let t(g) = -16*g**3 - 37*g**2 + g. What is the thousands digit of t(-6)?
2
Suppose 4*f + 65 = -m, -f + 4*f + 47 = m. Let w = 20 + f. What is the units digit of 12/w - 74/(-2)?
0
Suppose -4*y = -4*i - 9284, -5*y = 3*y - 3*i - 18588. What is the tens digit of y?
2
Suppose 0 = 2*h + 4*y - 16, 2*y + 2*y - 26 = -3*h. Suppose 220 - 20 = h*v. What is the tens digit of v?
2
Let f(r) = -128 + 128 + 2*r**2 + r. What is the units digit of f(3)?
1
Let x(t) = 11*t**3 - 3*t + 1. Let v be x(2). Suppose 12 + 356 = -8*q. Let y = v + q. What is the units digit of y?
7
Let v = 4 - 4. Let i(q) = -q**3 + 16*q**2 + 20*q + 21. Let t be i(17). Suppose 2*n + 2*n - t = v. What is the units digit of n?
8
Let a = -44 - -104. Let r be ((-4)/(-12))/(4/a). What is the units digit of -5*(-5)/(r/7)?
5
Suppose 0 = y + 2*j + 6, -y - j = 4 + 1. Suppose 3*z - 4 = -z. What is the tens digit of (0/y)/z - -29?
2
Suppose -3 - 17 = -4*p. Suppose -f = 1 + p. What is the units digit of (-26)/f - 18/(-27)?
5
Let h = -29 - -33. Suppose h*z + 2*v - 2 = 74, 2*v = 3*z - 71. What is the units digit of z?
1
Let a(f) = 693*f - 320. What is the thousands digit of a(5)?
3
Suppose -1643 = -4*u - 5*f, u = -7*f + 4*f + 409. What is the units digit of u?
2
Suppose -z - 25 = -2*z. Suppose -79 = -4*y + z. What is the units digit of y?
6
Let z = 6 + -4. Let m be 1/(z/(-6)) - -3. Let g(p) = -p**2 - 2*p + 32. What is the tens digit of g(m)?
3
Suppose -8*x = -3*x + 105. Let j = -20 - x. What is the units digit of j?
1
Suppose -2*k = -4*v + 12, 0 = -6*k + k - 2*v + 30. Suppose -k*d + 88 = -0*d. What is the tens digit of d?
2
Suppose 0 = 26*i - 29*i - 3*m + 2451, 10 = 5*m. What is the hundreds digit of i?
8
Suppose 0 = -3*c - 3*m - 0*m - 123, 0 = -5*c + 4*m - 178. Let b = 34 + c. Let j(v) = -2*v**3 - 6*v**2 - 8*v - 4. What is the tens digit of j(b)?
6
Let i(w) = 335*w**2 + 7*w + 3. What is the units digit of i(-1)?
1
Let c = 33 + -29. Suppose -c*g = -i - 122, -6*i - 83 = -3*g - i. What is the units digit of g?
1
Suppose -7*f - 5*f + 5616 = 0. What is the hundreds digit of f?
4
Let f be (19/(-4))/(8/(-32)). Let j(n) = n**3 + 13*n**2 - 28*n + 35. Let z be j(-15). Let y = z + f. What is the tens digit of y?
2
Let y be 12*(-3)/24*-4. Let x be y/2 + 108 + 0. Suppose -h + 4*h = x. What is the tens digit of h?
3
Let r be (4/10)/((-5)/(-25)). Suppose -f + 20 + r = 0